 the units digit of u?
0
What is the units digit of (37/(-4))/((-19)/76)?
7
Suppose 0 = -4*b + 4*r + 868, -b + 0*r = r - 211. What is the hundreds digit of b?
2
Suppose -3*o - 97 = 2*n + 2*n, -5*n - 4*o - 122 = 0. Let i = n - -43. What is the units digit of i?
1
Let y(p) be the third derivative of p**5/6 - 2*p**3/3 - 8*p**2. What is the tens digit of y(-2)?
3
Suppose 3*x - 356 = -4*v, 115 = x + 4*v + v. What is the tens digit of x?
2
Suppose -191*p - 1140 = -196*p. What is the tens digit of p?
2
What is the units digit of 1/2 - (-110)/4?
8
Suppose -252 = 25*c - 27*c. What is the units digit of c?
6
Suppose -137 = 4*y + 5*a - 1004, -3 = -a. What is the tens digit of y?
1
Let t be (-4)/3*285/10. Let q = -27 - t. What is the tens digit of q?
1
Let q = 175 - 101. What is the units digit of q?
4
Let q(x) = x**3 - 6*x**2 - x + 8. What is the tens digit of q(7)?
5
Let u = -2 - -3. Suppose -f - u = 7. Let m(s) = -s**3 - 9*s**2 - 9*s - 2. What is the units digit of m(f)?
6
Let u be -1 - (-12 + 3 - 1). Let p(x) = x - 21. Let s be p(u). What is the tens digit of 3/s - (-114)/8?
1
Suppose -k - 33 = -4*p, 0 = -4*k - 0 - 4. What is the units digit of p?
8
What is the tens digit of ((-78)/(-4))/((-81)/(-432))?
0
Let y = -274 - -420. What is the hundreds digit of y?
1
Suppose 0*m - 5*m + 596 = 3*i, i + 608 = 5*m. What is the tens digit of m?
2
Let w = -1 + 2. Let q(t) = -t**2 + t. Let n(o) = -6*o**2 - 2*o + 1. Let f(y) = w*n(y) - 5*q(y). What is the units digit of f(-7)?
1
Suppose 0 = h + 2*w - 100, 2*h - h = 3*w + 125. What is the units digit of h?
0
Let s be (-3 - -7)*(-2)/(-4). Let j be s/3 - (-34)/3. Suppose -h - 2*h = -j. What is the units digit of h?
4
Suppose 0*i = 5*i. Suppose -k - k + 14 = i. What is the units digit of k + 0 + 1/(-1)?
6
Let j be -1 + -2*14/(-4). Let i = j - 3. What is the units digit of 4/(0/i + 2)?
2
Let l(k) = -k**2 - 3*k + 1. Let p be l(-5). Let t be -2 - (-3)/(p/(-84)). Let y = t + -12. What is the units digit of y?
4
Let g(f) be the second derivative of f**4/12 + f**3/6 + f**2/2 - 4*f. What is the units digit of g(-1)?
1
Let v(x) = x**2 - 8*x + 7. Let o be v(6). Let s = -3 - o. Suppose -s*y + 6 = -y. What is the units digit of y?
6
Let p = -6 + 8. Let b(a) = 2*a**2 - 3*a + 2. What is the units digit of b(p)?
4
Let f(o) = -o**2 + 6*o + 4. Let n = 10 - 14. Let m be 6*((-10)/n + -2). What is the units digit of f(m)?
3
What is the units digit of (763/(-21))/(0 - (-2)/(-6))?
9
Let j(k) = -k**2 + 4*k + 12. Let a be j(9). Let v = a + 52. What is the units digit of v?
9
Let x = 2 - 0. Suppose g - x*g + 20 = 0. What is the units digit of g?
0
Let t(v) = -9*v. Suppose 5*z - 6*z - 5 = 0. Let w be t(z). Let f = -28 + w. What is the units digit of f?
7
Let f = 55 + -53. Suppose 4*j + p - 103 = 0, 2*p - 3*p = -j + 32. Suppose f*i - j = -i. What is the units digit of i?
9
Let m = 101 - 12. What is the units digit of m?
9
What is the units digit of 8*(1 - -2)*2?
8
Let y(g) = -2*g**3 - 4*g**2 - g. Let f be y(-3). Let h = 27 + -39. Let d = f + h. What is the units digit of d?
9
Suppose 4*u - 7 - 33 = 0. Let s = u - 7. Suppose -3*z = 4*j - 7 - 23, s*j - z - 16 = 0. What is the units digit of j?
6
Suppose -146 = -2*i - 2*s, 5*i - 5*s = i + 283. Let w = i - 22. What is the units digit of w?
0
Let h(v) = -27*v - 1. Let f(i) = 27*i + 1. Let b(r) = 3*f(r) + 2*h(r). What is the tens digit of b(1)?
2
Let h(o) = o**3 - o + 21. Let g be h(0). Let m be 6/g + (-12)/(-7). Suppose -m*r = -4*r + 34. What is the units digit of r?
7
Suppose -5*c = 2*p + 33, -4*c = -4*p - p - 33. Let h = p + 20. What is the tens digit of h?
1
Suppose -z - 2*z + 63 = 0. What is the units digit of z?
1
Suppose -3*m - 260 = -7*m. What is the tens digit of m?
6
Let f(y) = -y**2 - 5*y - 4. Let k be f(-2). Suppose -w = 4*d - 208, 4*d - k*w = -w + 216. What is the tens digit of d?
5
Suppose 5*o + 1 = 4*i + 8*o, 4*i - o = 5. What is the units digit of i?
1
Suppose -2*d + 7 = l - 4*l, 2*d + 4*l = 0. Suppose -t + 4*r = -14, -2*r = -2*t - d*t + 28. What is the units digit of t?
6
Let i(r) = 2*r**3 + 20*r**2 + r - 19. What is the tens digit of i(-9)?
3
Let f be 18/(-5) - (-2)/(-5). Let z = f - 0. What is the tens digit of (2 - 1)*(-52)/z?
1
Let m(g) be the first derivative of -3*g**2/2 + 4*g - 2. Let t be m(-3). Let i = -4 + t. What is the units digit of i?
9
Let c(b) be the second derivative of -b**3/6 + 5*b**2/2 - 2*b. Let o be c(5). What is the units digit of (1 - -3)*(1 - o)?
4
Let m be 1/(1 + -2 - 0). Let g = 25 - m. What is the tens digit of g?
2
Let c = 435 - 275. What is the units digit of c?
0
Suppose 2*b - 3*b + 4 = 0. Suppose 0 = 2*h + 2*v - 8, h = -0*h - b*v - 2. What is the units digit of h?
6
Suppose 5 - 23 = -a + 3*f, 0 = 2*a + 4*f + 4. Let x be (1 - a/4)*-8. Suppose x*q - 5*z - 21 = 0, q + 2*z - 2 = -0. What is the units digit of q?
4
Let m(f) = -2*f**3 - 2*f**2 + f**3 - 5*f**2 - 2 + 0. Let z be m(-7). What is the units digit of 2 + 17 - (1 - z)?
6
Let k = -282 + 399. What is the hundreds digit of k?
1
Let d = 2 + 0. Suppose -v + d*v - 15 = 0. Let u = -11 + v. What is the units digit of u?
4
Let z(a) = -a**2 - 8*a - 6. Suppose -2 = i + 3. What is the units digit of z(i)?
9
Let v(l) = -6 + 0*l**2 + 3 + 4*l**2. What is the tens digit of v(-3)?
3
Let c = 82 - 25. What is the units digit of c?
7
Suppose 6*z - 190 - 80 = 0. What is the units digit of z?
5
Suppose n = -2*n + 9. Let a be 2/1 - 1/(-1). Suppose -n*c + 6 = a. What is the units digit of c?
1
Let a = -33 - -61. Suppose -14 = -5*z + 4*d, d + 0*d = -4*z + a. What is the units digit of z?
6
Suppose -2*y + 4*q + 78 = 0, q - 5*q = -4*y + 160. Let m = y - 24. What is the units digit of m?
7
Let h(w) = -5*w - 1. Let n be h(1). Let y(o) = o**2 + 4*o + 3. What is the tens digit of y(n)?
1
Let q = 27 - -11. Suppose q = 3*n - t - t, 0 = n + 4*t - 8. What is the units digit of n?
2
Let n = -19 + 24. Suppose -215 = -10*t + n*t. What is the units digit of t?
3
Let g(b) = -b**2 + 9*b + 2. Let j(p) be the first derivative of p**4/4 + 5*p**3/3 - p**2/2 + 2*p + 3. Let l be j(-5). What is the units digit of g(l)?
6
Let s(x) = -40*x + 3. Let b be s(-2). Let d = -38 + b. What is the units digit of d?
5
Let y(i) = -i**2 + 3*i + 4. Let w be y(3). Let x = w - 1. What is the units digit of 1/x - 34/(-6)?
6
Let w(f) = -2*f**2 + 2*f + 2. Let c be w(-4). Let h = -23 - c. What is the units digit of h?
5
Let u(j) be the third derivative of -j**4/8 + j**2. What is the units digit of u(-2)?
6
What is the units digit of (-70)/4*(-32)/10?
6
Let i(a) = a**3 + 8*a**2 + 7. Let n be i(-8). Let z(t) = t**3 + 7*t**2 - 8*t + 10. Let k be z(-8). Suppose r + n = k. What is the units digit of r?
3
Let v(x) = 2*x**2 + 0*x - 5*x - 3 - 3*x**2. Let f be v(-3). Suppose f*w = -0*w + 24. What is the units digit of w?
8
What is the tens digit of 1 - (100/(-4) - -4)?
2
Let l = 9 - 2. Let f(y) = -3*y**3 - 12*y**2 - 25*y + 5. Let p(u) = 4*u**3 + 18*u**2 + 37*u - 8. Let b(i) = l*f(i) + 5*p(i). What is the units digit of b(7)?
6
Let t(b) be the second derivative of -5*b**3/6 - b**2/2 + 6*b. What is the units digit of t(-4)?
9
Suppose -4*n + 34 = -34. What is the tens digit of n?
1
Suppose 124 = 2*r + 2*r. Let u = -10 + r. What is the units digit of u?
1
Let h be 18 - (0 - -1)*-2. Suppose 0*r - 5*r = -h. What is the units digit of 7 + (-2)/(-4)*r?
9
Let w = 6 + -14. Let b(d) = -d - 3. What is the units digit of b(w)?
5
Let k = 5 - 3. Suppose 2*v = -k + 6. Suppose 0 = -3*h + u + v*u + 24, 4*h - 2*u = 40. What is the units digit of h?
2
Let x(r) = r**3 + 5*r**2 + 3*r + 1. Let j be x(-3). Suppose j = -3*k + 5*k. Suppose -k*g = -5*c + 42 + 8, 0 = 5*g. What is the units digit of c?
0
Suppose 50 = c + 4*b, -c - c - 5*b + 97 = 0. What is the tens digit of c?
4
Suppose 0 = i - 8*i + 2058. What is the hundreds digit of i?
2
Let f(z) = z**3 + 10*z**2 - 12*z + 9. What is the units digit of f(-11)?
0
Let d be (1 + (0 - 48))*1. Let m = -34 - d. What is the tens digit of m?
1
What is the tens digit of 2*(30 + (-3 - -7))?
6
Let n = -20 + 30. Let f = -6 + n. Suppose f*m = -2*y + 1 + 1, 3*y = 4*m + 43. What is the units digit of y?
9
Let h(a) be the third derivative of a**5/60 - 3*a**3/2 + 5*a**2. What is the units digit of h(-4)?
7
Let k(h) = h**2 - h + 32. What is the tens digit of k(0)?
